Suppose -5*w + 5*g = -50, w = -3*w - p*g + 4. Calculate the highest common factor of 6 and w.
6
Suppose 3*z = -z + 96. Calculate the greatest common divisor of 24 and z.
24
Let a(q) = -3*q**3 - q**2. Let b be a(-1). What is the greatest common divisor of 20 and b?
2
Let p be 3/(-9) - 403/(-3). Let q = 188 - p. Calculate the greatest common divisor of 18 and q.
18
Let f = 21 + -2. Let l = -532 - -570. What is the greatest common divisor of f and l?
19
Let a = 18 - 7. Calculate the greatest common factor of 11 and a.
11
Let v = 395 + -153. What is the greatest common factor of v and 22?
22
Let z(i) = 2*i + 90. Let p be z(0). Suppose -n + 156 = 3*n - 4*j, -5*n + 174 = 2*j. Calculate the greatest common factor of n and p.
18
Suppose -5 = -r, -r + 0*r = -s - 3. Let c be (s/(-4))/((-4)/8). Calculate the highest common divisor of c and 3.
1
Suppose 10 = 4*x - 94. What is the highest common divisor of 13 and x?
13
Suppose -7*m + 2*m - 704 = 2*a, -3*a = 3*m + 417. Let d = -72 - m. Calculate the highest common factor of 10 and d.
10
Suppose 1 = -3*w + 2*d - 3, 4*w + 5*d + 13 = 0. Let n = 20 - w. What is the highest common factor of 11 and n?
11
Suppose -6*p + 138 + 42 = 0. Calculate the greatest common divisor of p and 150.
30
Let v = 72 + -45. Calculate the greatest common factor of v and 9.
9
Suppose 12 = j - 3. Suppose j = 3*i - 42. Suppose f - 3*f + 114 = 0. What is the highest common divisor of f and i?
19
Let j = 6 - 4. Suppose 4*v - v + 12 = 0. Let h be ((-8)/(-2))/(v/(-6)). Calculate the highest common divisor of j and h.
2
Let z be -2*5/(30/(-9)). Let u(r) = z*r + 0*r - r + r - 8. Let k be u(7). Calculate the highest common factor of k and 117.
13
Let m = 18 - 6. What is the highest common factor of m and 132?
12
Let b(z) = -z + 11. Let u be b(0). Let w = -44 - -25. Let i = 3 - w. Calculate the greatest common divisor of i and u.
11
Suppose 1 = 4*u - 7. Let q be (1 - 12/(-2)) + -3. Let d = 26 - q. Calculate the highest common factor of u and d.
2
Let w = 4 + -10. Let j be 107/6 + w/(-36). Calculate the greatest common divisor of j and 9.
9
Let a(o) = o**2 + 5*o - 9. Let z be a(-9). Calculate the highest common divisor of 54 and z.
27
Suppose -10*l + 300 = -5*l. Let o = 55 - 35. Calculate the highest common divisor of o and l.
20
Suppose -1 = 2*u + 3*h + 2, -3*u = -4*h + 13. Let z be (70/(-15))/(2/u). Calculate the greatest common factor of z and 77.
7
Let k be (2 + -20)/(3/(-2)). Let t be 16/(-3)*(-27)/k. Calculate the highest common divisor of 36 and t.
12
Let q = -14 + 11. Let f be 1/q - 511/(-21). Calculate the highest common factor of 36 and f.
12
Let n = 91 - 46. Suppose -k - 2*k = 5*v - 87, -22 = -2*v + 2*k. Calculate the greatest common divisor of n and v.
15
Suppose 3 - 5 = 2*q. Let l be (q - 6/3) + 58. Calculate the highest common divisor of 5 and l.
5
Suppose 2*t + 4*l - 46 = -6, -5*l = 5*t - 110. What is the greatest common divisor of 60 and t?
12
Let v = -23 + 31. What is the greatest common factor of v and 8?
8
Let j(a) = 2*a**2 + 2. Let n(r) = -r - 4. Let q(z) = 3*z + 6. Let p be q(-4). Let w be n(p). Let g be j(w). What is the greatest common divisor of 90 and g?
10
Suppose -z + 3*s = -13 - 17, -s = -2*z + 80. What is the greatest common divisor of 105 and z?
21
Suppose 5*c - s = 12, -4*s - 11 + 35 = 4*c. Let m = 0 + 3. What is the greatest common factor of c and m?
3
Let b be 3/((((-6)/3)/(-18))/1). Calculate the highest common divisor of 27 and b.
27
Let z = 45 - 23. Calculate the greatest common factor of z and 154.
22
Let d(q) = 34*q**3 + q**2 - q - 2. Let i be d(2). Calculate the highest common divisor of i and 34.
34
Let d = 4 + 1. Suppose d = 5*i, r - i = -1 + 10. What is the greatest common factor of r and 40?
10
Suppose 3*o - 108 = -5*t + 2*t, 0 = 3*o + t - 108. What is the highest common factor of o and 9?
9
Suppose 0 = -3*y + b + 227, 5*b + 25 = -2*y + 182. Calculate the greatest common factor of 19 and y.
19
Let j = 75 + -43. Let b be (0 - -1) + (-6)/(-1). Let q = 1 + b. Calculate the greatest common divisor of q and j.
8
Let a(o) = -2*o. Let x be a(-1). Calculate the highest common factor of x and 10.
2
Suppose -2*u = -u - 13. Let p be 5*(-1 - -2)/1. Suppose -44 + p = -3*f. What is the highest common divisor of u and f?
13
Let x be 1/2*-2*101. Let o = 40 + x. Let v = -33 - o. What is the highest common divisor of v and 14?
14
Suppose 0 = -3*v + 3*h + 264, v - 45 = -h + 35. Let i be v*(6/(-4) + 2). What is the highest common divisor of 28 and i?
14
Let l = -8 - -13. Suppose 0 = l*k - 10, -5*k - 80 = 5*i - 540. Calculate the highest common factor of i and 36.
18
Let g be 20/70 - 208/(-7). Let a be 0 + 13 + (1 - -1). Suppose -2*c + 25 = j, a = 2*j + 2*c - 25. Calculate the greatest common factor of g and j.
15
Suppose 0 = -b + 5. Suppose b*j = -3*c + 17 - 2, -62 = -5*c + 4*j. What is the highest common factor of 70 and c?
10
Let b = 5 - 6. Let a be 6/30*(-5)/b. Let y(g) = 10*g. Let r be y(a). What is the greatest common factor of 90 and r?
10
Let g = 10 + -10. Suppose -t + 68 = -g*t. Calculate the highest common factor of 17 and t.
17
Suppose 5*c - 4*f - 101 = 0, -14*f + 86 = 4*c - 12*f. Calculate the greatest common factor of 9 and c.
3
Let a(m) = -m**3 + 10*m**2 + m - 6. Let q be (4/(-3))/(4/(-30)). Let l be a(q). What is the highest common factor of l and 36?
4
Suppose -70 = -3*q - 5*x, 44 - 142 = -5*q + x. Suppose -5*b = 3*c - 102 + 22, -4*c - 5*b = -110. What is the greatest common divisor of q and c?
10
Suppose 7*g - 3*g - 176 = 0. What is the greatest common factor of 110 and g?
22
Let h = 257 + -169. Suppose -2*o = -4*t - 18, -5*o - 2*t + 0*t = -9. Suppose 3*w + 22 = o*s + 2*w, -3*w = -6. What is the greatest common divisor of s and h?
8
Suppose 16*f - 415 + 111 = 0. Suppose 4*h - 96 = 132. What is the greatest common factor of f and h?
19
Let u = 20 - 11. What is the highest common divisor of 9 and u?
9
Let f(x) = -2*x - 9. Let a = -17 - -9. Let i be f(a). What is the greatest common factor of 7 and i?
7
Let c be 420/50*(-10)/(-4). Calculate the highest common divisor of 3 and c.
3
Let b = 125 - 75. What is the greatest common factor of b and 20?
10
Suppose 4*q = -3*j - 24, 2*q = -5*j - q - 29. Let g be ((-26)/j)/(1/2). Let l(d) = 70*d + 3. Let r be l(2). Calculate the greatest common factor of g and r.
13
Suppose 4*l + 19 = 59. What is the greatest common divisor of 2 and l?
2
Suppose -d - 18 = -5*q, d + 11 - 1 = 3*q. Suppose -3*k + 6*k = -78. Let r = k - -42. Calculate the greatest common factor of d and r.
2
Suppose -2*a = 5*y - 292, -3*y = -0*a + a - 176. Calculate the greatest common divisor of 20 and y.
20
Let n(o) = 3*o - 3. Let m be n(8). Calculate the greatest common divisor of 105 and m.
21
Suppose -12 = -3*z + 4*j, 2*j = -4*z - z + 46. Suppose 440 = 2*i + 3*i. Calculate the greatest common factor of i and z.
8
Let p(l) = l**3 - 7*l**2 + 4*l + 17. Let o be p(7). Calculate the greatest common divisor of o and 18.
9
Let z be (0 - -10)*1 - 0. Suppose 0 = -0*s + 5*s - z. Suppose 3*u + 2*u + 2*q - 260 = 0, -s*u = 4*q - 120. Calculate the greatest common factor of u and 20.
10
Let u(y) = -y**2 + 8*y + 7. Let o be u(5). What is the highest common divisor of o and 55?
11
Suppose -3*p + g - 9 = -2*g, -2*g + 10 = 0. Suppose -3*l + 0*l + z = -124, -5*l - p*z + 192 = 0. What is the greatest common divisor of l and 5?
5
Let g be (-1)/(-3) + (-134)/(-3). Suppose -4*u + u = -g. Suppose b + 5*b = 180. What is the highest common factor of u and b?
15
Let f = 39 + -35. Calculate the greatest common divisor of 44 and f.
4
Let c(y) = -2*y**3 + y**2 - y + 4. Suppose -v + 5*x = -5, -5*v + 1 = -0*x - x. Let f be c(v). What is the greatest common divisor of f and 6?
2
Suppose 3*l = -3*z + 30, -4*l = -z - 4*z - 40. What is the highest common divisor of 110 and l?
10
Let a be 1 - 1 - (-1)/1. Let j(x) be the third derivative of x**5/30 - x**2. Let b be j(-2). Calculate the greatest common divisor of b and a.
1
Suppose -19*a - 3*a + 154 = 0. Let y = -18 - -25. Calculate the greatest common factor of a and y.
7
Suppose -6*q = -3*q - 75. Suppose -5*n + 0 + q = 0. Calculate the highest common factor of 15 and n.
5
Let m be ((-12)/(-8))/(-1)*-70. Let t(h) = -4*h - 1. Let o be t(-4). What is the greatest common divisor of o and 